{"id":1718,"date":"2024-03-26T07:38:53","date_gmt":"2024-03-26T07:38:53","guid":{"rendered":"https:\/\/www.sehitgazi1915.org\/?page_id=1718"},"modified":"2024-03-27T14:18:37","modified_gmt":"2024-03-27T14:18:37","slug":"mevzuat","status":"publish","type":"page","link":"https:\/\/www.sehitgazi1915.org\/index.php\/mevzuat\/","title":{"rendered":"Mevzuat"},"content":{"rendered":"\n<div class=\"wp-block-file\"><a id=\"wp-block-file--media-7e55bab4-082a-4af3-a688-98c1769c4753\" href=\"http:\/\/www.sehitgazi1915.org\/wp-content\/uploads\/2024\/03\/UCRETSIZ-OKUTULACK-OGRENCI-YONETMELIK.docx\">\u00dcCRETS\u0130Z OKUTULACK \u00d6\u011eRENC\u0130 Y\u00d6NETMEL\u0130K<\/a><a href=\"http:\/\/www.sehitgazi1915.org\/wp-content\/uploads\/2024\/03\/UCRETSIZ-OKUTULACK-OGRENCI-YONETMELIK.docx\" class=\"wp-block-file__button wp-element-button\" download aria-describedby=\"wp-block-file--media-7e55bab4-082a-4af3-a688-98c1769c4753\">\u0130ndir<\/a><\/div>\n\n\n\n<div class=\"wp-block-file\"><a id=\"wp-block-file--media-2c93bfc7-a8db-4f45-bb53-9ac2f3c3f05c\" href=\"http:\/\/www.sehitgazi1915.org\/wp-content\/uploads\/2024\/03\/MILLI-EGITIM-UCRETSIZ-OKUTULACAK-OGRENCI.docx\">M\u0130LL\u0130 E\u011e\u0130T\u0130M \u00dcCRETS\u0130Z OKUTULACAK \u00d6\u011eRENC\u0130<\/a><a href=\"http:\/\/www.sehitgazi1915.org\/wp-content\/uploads\/2024\/03\/MILLI-EGITIM-UCRETSIZ-OKUTULACAK-OGRENCI.docx\" class=\"wp-block-file__button wp-element-button\" download aria-describedby=\"wp-block-file--media-2c93bfc7-a8db-4f45-bb53-9ac2f3c3f05c\">\u0130ndir<\/a><\/div>\n\n\n\n<div class=\"wp-block-file\"><a id=\"wp-block-file--media-2efd80b5-2c24-4709-9314-c4c6eb4673c9\" href=\"https:\/\/www.sehitgazi1915.org\/wp-content\/uploads\/2024\/03\/18-Mart-ve-19-Eylul-de-yapilcak-Torenler-yonetmeligi.docx\">18-Mart-ve-19-Eylul-de-yapilcak-Torenler-yonetmeligi<\/a><a href=\"https:\/\/www.sehitgazi1915.org\/wp-content\/uploads\/2024\/03\/18-Mart-ve-19-Eylul-de-yapilcak-Torenler-yonetmeligi.docx\" class=\"wp-block-file__button wp-element-button\" download aria-describedby=\"wp-block-file--media-2efd80b5-2c24-4709-9314-c4c6eb4673c9\">\u0130ndir<\/a><\/div>\n\n\n\n<div class=\"wp-block-file\"><a id=\"wp-block-file--media-01159f10-ad0a-4127-9246-f82b79abd392\" href=\"http:\/\/www.sehitgazi1915.org\/wp-content\/uploads\/2024\/03\/DEVLET-MEMURLARININ-YER-DEGISTIRME-SURETIYLE-ATANMALARINA.docx\">DEVLET MEMURLARININ YER DE\u011e\u0130\u015eT\u0130RME SURET\u0130YLE ATANMALARINA<\/a><a href=\"http:\/\/www.sehitgazi1915.org\/wp-content\/uploads\/2024\/03\/DEVLET-MEMURLARININ-YER-DEGISTIRME-SURETIYLE-ATANMALARINA.docx\" class=\"wp-block-file__button wp-element-button\" download aria-describedby=\"wp-block-file--media-01159f10-ad0a-4127-9246-f82b79abd392\">\u0130ndir<\/a><\/div>\n\n\n\n<div class=\"wp-block-file\"><a id=\"wp-block-file--media-748f69da-c618-4000-9aa6-eef72d793fad\" href=\"http:\/\/www.sehitgazi1915.org\/wp-content\/uploads\/2024\/03\/2987-SAYILI-NAKDI-TAZMINAT-VE-AYLIK-BAGLANMASI.doc\">2987 SAYILI NAKD\u0130 TAZM\u0130NAT VE AYLIK BA\u011eLANMASI<\/a><a href=\"http:\/\/www.sehitgazi1915.org\/wp-content\/uploads\/2024\/03\/2987-SAYILI-NAKDI-TAZMINAT-VE-AYLIK-BAGLANMASI.doc\" class=\"wp-block-file__button wp-element-button\" download aria-describedby=\"wp-block-file--media-748f69da-c618-4000-9aa6-eef72d793fad\">\u0130ndir<\/a><\/div>\n","protected":false},"excerpt":{"rendered":"","protected":false},"author":1,"featured_media":0,"parent":0,"menu_order":0,"comment_status":"closed","ping_status":"closed","template":"","meta":{"footnotes":""},"class_list":["post-1718","page","type-page","status-publish","hentry"],"_links":{"self":[{"href":"https:\/\/www.sehitgazi1915.org\/index.php\/wp-json\/wp\/v2\/pages\/1718","targetHints":{"allow":["GET"]}}],"collection":[{"href":"https:\/\/www.sehitgazi1915.org\/index.php\/wp-json\/wp\/v2\/pages"}],"about":[{"href":"https:\/\/www.sehitgazi1915.org\/index.php\/wp-json\/wp\/v2\/types\/page"}],"author":[{"embeddable":true,"href":"https:\/\/www.sehitgazi1915.org\/index.php\/wp-json\/wp\/v2\/users\/1"}],"replies":[{"embeddable":true,"href":"https:\/\/www.sehitgazi1915.org\/index.php\/wp-json\/wp\/v2\/comments?post=1718"}],"version-history":[{"count":3,"href":"https:\/\/www.sehitgazi1915.org\/index.php\/wp-json\/wp\/v2\/pages\/1718\/revisions"}],"predecessor-version":[{"id":1737,"href":"https:\/\/www.sehitgazi1915.org\/index.php\/wp-json\/wp\/v2\/pages\/1718\/revisions\/1737"}],"wp:attachment":[{"href":"https:\/\/www.sehitgazi1915.org\/index.php\/wp-json\/wp\/v2\/media?parent=1718"}],"curies":[{"name":"wp","href":"https:\/\/api.w.org\/{rel}","templated":true}]}}